{"id":36,"date":"2015-10-16T18:17:54","date_gmt":"2015-10-16T18:17:54","guid":{"rendered":"http:\/\/newkind.me\/rocket\/prod\/wp\/notio\/?page_id=30"},"modified":"2024-06-20T14:43:07","modified_gmt":"2024-06-20T19:43:07","slug":"block-variations","status":"publish","type":"page","link":"https:\/\/gadvalladolid.gob.ec\/?page_id=36","title":{"rendered":"Leyendas y Tradiciones."},"content":{"rendered":"<h2 class=\"center g-title-large\" style=\"text-align: center;\">Leyendas<\/h2>\n<div class=\"g-grid\">\n<div class=\"g-block box-grey size-93-3\">\n<div class=\"g-content\">\n<h3 class=\"g-title\">La Luterana<\/h3>\n<p align=\"justify\">Cuenta la leyenda que en \u00e9pocas pasadas cuando se infundi\u00f3 el temor en el pueblo cat\u00f3lico, los religiosos y religiosas venidas desde Espa\u00f1a se dispersaron por los pueblos del Dorado, cristianizando a todo cuanto fiel se acercase a curar las enfermedades del alma, en los templos precolombinos que se construyeron en las tierras del Reino de Quito, los espa\u00f1oles trajeron consigo a los cl\u00e9rigos los cuales se encargaban de difundir el terror en los fieles indios que cre\u00edan en todo cuanto se les mencionaba en los sermones de los Frailes, que fueron considerados mensajeros e intermediarios entre Dios los id\u00f3latras indios, pensando que de esta manera lograr\u00edan salvar su alma del infierno que los esperaba despu\u00e9s de la muerte.<\/p>\n<p align=\"justify\">La cristianizaci\u00f3n demandaba esfuerzo y dedicaci\u00f3n en estas lejanas tierras para persuadir la mente, hac\u00eda falta m\u00e1s de un cura para infundirles el temor a Dios y hacerles creer que eran los enviados del cielo y que les pod\u00edan escoger un lugar privilegiado cerca del padre si sus limosnas eran m\u00e1s grandes cada vez, los pobres indios captaban el mensaje y lo entregaban todo, enriqueciendo a estos con la \u00fanica finalidad de salvar sus almas y tener un lugar cerca del padre eterno.<\/p>\n<p align=\"justify\">La iglesia constantemente realizaba cambios de personal, entre Frailes y monjas, es as\u00ed como se interna a cumplir su misi\u00f3n pastoral una religiosa joven reci\u00e9n ordenada con sus h\u00e1bitos a la villa cat\u00f3lica de Chito. La juventud y la inexperiencia de la Monja despertaron el inter\u00e9s en un joven natural que se enamor\u00f3 obsesionadamente de la religiosa que constantemente era visitada por aquel joven sencillo, pudo m\u00e1s el deseo y la atracci\u00f3n de la carne en los j\u00f3venes que se entregaron mutuamente sin medir las consecuencias que este amor prohibido llegar\u00eda a desatar dentro de la iglesia a la cual pertenec\u00eda, el romance de estos dos j\u00f3venes camin\u00f3 alg\u00fan tiempo normalmente, encontr\u00e1ndose siempre a escondidas hasta que fueron descubiertos y ella expulsada de su orden cat\u00f3lica, sin alimento, abrigo y abandonada por parte del joven que la am\u00f3, el mismo que huy\u00f3 por temor al castigo del Fraile que era considerado un iluminado y que siempre estaba cerca de Dios dejando de esta manera desamparada a aquella joven que le entreg\u00f3 su amor.<\/p>\n<p align=\"justify\">Una vez que la religiosa abandon\u00f3 el claustro recorri\u00f3 valles, r\u00edos y monta\u00f1as alej\u00e1ndose de aquel lugar que la desecharon por haber pecado y traicionado la confianza de la iglesia, enferma y solitaria enloqueci\u00f3 y recorriendo los caminos que se convirtieron en su tumba, en la actualidad uno que otro trasnochador ha sido hechizado por su belleza, confundi\u00e9ndola con una dama solitaria a la que intentan enamorarla, pero al intentar besarla se encuentran con la sorpresa de que su rostro es una calavera, que infunde p\u00e1nico al hombre que se aparece por el lugar donde se encuentra la antigua pista de aterrizaje en el barrio Los Llanos y siempre vestida de monja a la cual se la ha bautizado como la Luterana que siempre se presenta de espaldas.<\/p>\n<\/div>\n<\/div>\n<\/div>\n<div class=\"g-block box-blue size-93-3\">\n<div class=\"g-content\">\n<h3>La Laguna encantada.<\/h3>\n<p align=\"justify\">Narra la leyenda que en tiempos antiguos cuando los viajeros espa\u00f1oles poblaron estas tierras encontraron hombres de piel blanca y mujeres de singular belleza, prendando de esta forma a los solitarios hombres que sintieron la necesidad de percibir el aroma de estos capullos en forma de \u00e1ngeles ca\u00eddos del cielo.<\/p>\n<p align=\"justify\">La buena y mala ventura quiso que el osado espa\u00f1ol se enamorara de la hija del rey, que viv\u00eda con sus s\u00fabditos frente a una hermosa laguna en la que habitaban cisnes, patos, flamingos, peces de colores y bien cuidados jardines por donde se paseaba la hija del rey, que en un inicio los recibi\u00f3 con los brazos abiertos y que no correspondieron a su amistad.<\/p>\n<p align=\"justify\">Traicionando la buena voluntad que el rey les brind\u00f3, los espa\u00f1oles empezaron a violar a las damas que acompa\u00f1aban a la hija del rey que pronto se convertir\u00eda en reina y se\u00f1ora de sus s\u00fabditos, que ten\u00edan un gran amor por su princesa. Violadas las damas empezaron a gestar la semilla de los barbados hombres que no respetaron el aposento que cordialmente les brindaron en se\u00f1al de amistad.<\/p>\n<p align=\"justify\">El rey maquinaba el plan de dar muerte a los hombres que traicionaron su confianza, fij\u00e1ndose incluso en su hija quien tambi\u00e9n entreg\u00f3 sus caricias y su cuerpo al extra\u00f1o hombre, cierta tarde mientras los espa\u00f1oles se retiraban a sus villas a descansar reuni\u00f3 a todos sus s\u00fabditos, seleccionando a los mas fuertes que fueron los que dieron muerte a los hombres y mujeres que rodearon la laguna con sus cuerpos, mientras que el brujo se encargaba de preparar la p\u00f3cima m\u00e1gica que deb\u00eda encantar el\u00a0 lugar para siempre, el rey lloraba por la desgracia de su hija, la operaci\u00f3n del ritual dur\u00f3 toda la noche, una vez concluida el rey dio a beber el veneno a los hombres m\u00e1s fuertes y al brujo que dio las instrucciones previas para que proceda al encantamiento del castillo y la laguna rodee con sus aguas el lugar, sepultando con ella lo que un d\u00eda existi\u00f3, el alba lleg\u00f3 concluyendo de esta manera la operaci\u00f3n que el rey ejecut\u00f3 a la perfecci\u00f3n, d\u00e1ndose muerte al final de la misma, no sin antes maldecir el lugar entre este tiempo y quien se atreva a pasar deber\u00e1 pagar tributo para no encantarse y morir.<\/p>\n<p align=\"justify\">Cuando los espa\u00f1oles llegaron al d\u00eda siguiente, solo encontraron la laguna roja de la sangre de los sacrificados s\u00fabditos, al no encontrar vestigio de vida alguna, se retiraron para siempre del lugar donde existi\u00f3 aquel palacio, la laguna existi\u00f3 hasta hace alg\u00fan tiempo en que los viajeros cruzaban el Reino de Quito para llegar al Reino de los Incas en el Per\u00fa.<\/p>\n<p align=\"justify\">Se dice que los cuerpos de los sacrificados cuerpos se convirtieron en peces que poblaron la laguna, que se ubicaba por el lugar donde hoy se levanta el Colorado, por la parte posterior al noreste de lo que hoy es Zumba. El encanto y el temor se difundieron por toda la regi\u00f3n, que describ\u00eda a una hermosa laguna que ten\u00eda en el centro una hermosa isla. Los viajeros que transitaban por los alrededores de esta laguna que conduc\u00eda a las tierras de los incas deb\u00edan despojarse de alguna de sus pertenencias como panelas de az\u00facar arroj\u00e1ndolas a la laguna para que puedan cruzarla, de lo contrario fuerzas sobrenaturales les hac\u00edan presenciar la m\u00e1s terrible de las masacres.<\/p>\n<p align=\"justify\">Pasaron los a\u00f1os y la laguna desapareci\u00f3 con su encanto, \u00fanicamente qued\u00f3 como mudo testigo del tiempo la isla que se levant\u00f3, se cree que era el palacio donde habitaba dicho rey, hoy es solo una elevaci\u00f3n de tierra de la cual se puede admirar la hoyada donde se levanta el Zumba de hoy. El mencionado castillo del rey se llama El Colorado y es el fiel guardi\u00e1n de sus hijos los charapanos.<\/p>\n<\/div>\n<\/div>\n<h3><strong>COSTUMBRES Y TRADICIONES<\/strong><\/h3>\n<p style=\"text-align: left;\" align=\"justify\">La tradici\u00f3n es el recuerdo popular que nos acerca a un suceso hist\u00f3rico, el mismo que se mantiene a trav\u00e9s de las generaciones, transmiti\u00e9ndose de padres a hijos y as\u00ed sucesivamente.<\/p>\n<p style=\"text-align: left;\">\u00a0En la parroquia de Valladolid, se disfruta de una amplia variedad de gastronom\u00eda que destaca las tradiciones arraigadas desde tiempos remotos y que, en la actualidad, contin\u00faan siendo preservadas por los moradores.<\/p>\n<p style=\"text-align: left;\"><strong>Leche Tigre:<\/strong> la bebida tradicional de la parroquia de Valladolid es un elemento destacado durante las festividades locales. Su preparaci\u00f3n consiste en la fusi\u00f3n de la leche de vaca y el alcohol de ca\u00f1a de az\u00facar. Esta mezcla \u00fanica, servida en momentos festivos, no solo representa una tradici\u00f3n arraigada en la comunidad, sino que tambi\u00e9n ofrece a los participantes una experiencia culinaria distintiva que celebra la riqueza de los recursos locales.<\/p>\n<p style=\"text-align: left;\"><strong>Descripci\u00f3n de Valladolid<\/strong><\/p>\n<p style=\"text-align: left;\">Valladolid, la Ciudad Encantada, es un lugar privilegiado con encantos naturales que se ven realzados por la presencia de dos colinas repletas de flora y fauna. Este rinc\u00f3n inigualable no solo destaca por su entorno, sino tambi\u00e9n por ser la cuna del mejor queso del sur de Ecuador. La principal actividad de sus habitantes gira en torno a la agricultura y la ganader\u00eda, convirti\u00e9ndose as\u00ed en el pilar econ\u00f3mico del Cant\u00f3n Palanda.<\/p>\n<p style=\"text-align: left;\">Conformada por cinco barrios llenos de historia y habitada por ciudadanos que luchan diariamente por preservar la esencia tropical que caracteriza a la parroquia Vallisoletana, la Ciudad Encantada ofrece un clima agradable. Aqu\u00ed, los residentes pueden disfrutar del c\u00e1lido sol y sentir en su piel la frescura del aire proveniente del majestuoso cerro Tapichalaca..<\/p>\n<p style=\"text-align: left;\">El t\u00e9rmino \u00abEncantada\u00bb va m\u00e1s all\u00e1 de su aparente significado. La magia de las mujeres de esta tierra se refleja en cada paso y gesto, demostrando sabidur\u00eda, honradez, carisma y un profundo respeto por su amada tierra, Valladolid. La belleza femenina se asemeja a las orqu\u00eddeas naturales que se encuentran en la vegetaci\u00f3n virgen de este pueblo, siempre conservando su autenticidad.<\/p>\n<p style=\"text-align: left;\"><strong>Ganader\u00eda<\/strong><\/p>\n<p style=\"text-align: left;\">La riqueza agr\u00edcola y ganadera de este sitio ha llevado a que los habitantes se dediquen apasionadamente a estas actividades, logrando obtener resultados sobresalientes que han colocado a la regi\u00f3n sur de Zamora Chinchipe entre las mejores en cuanto a la cr\u00eda de vacunos de peso mejorado en todo Ecuador. Este logro representa un reconocimiento gratificante para los dedicados ganaderos de la parroquia Encantada, quienes con esfuerzo y compromiso han contribuido al desarrollo y la reputaci\u00f3n de la zona en el \u00e1mbito ganadero<\/p>\n<p style=\"text-align: left;\"><strong>Producci\u00f3n agr\u00edcola<\/strong><\/p>\n<p style=\"text-align: left;\">Los productos agr\u00edcolas de Valladolid son exquisitos y sabrosos, cultivados con pasi\u00f3n y amor. El clima c\u00e1lido y h\u00famedo favorece los sembr\u00edos de ma\u00edz, pl\u00e1tano, caf\u00e9, papa china, camote y diversas materias agr\u00edcolas. Valladolid se revela como el para\u00edso escondido y encantado en la puerta de entrada al sur oriente de Ecuador, una tierra de agricultura y ganader\u00eda que cautiva a propios y extra\u00f1os con su belleza y prosperidad.<\/p>\n","protected":false},"excerpt":{"rendered":"<p>Leyendas La Luterana Cuenta la leyenda que en \u00e9pocas pasadas cuando se infundi\u00f3 el temor en el pueblo cat\u00f3lico, los religiosos y religiosas venidas desde Espa\u00f1a se dispersaron por los pueblos del Dorado, cristianizando a todo cuanto fiel se acercase a curar las enfermedades del alma, en los templos precolombinos que se construyeron en las [&hellip;]<\/p>\n","protected":false},"author":0,"featured_media":0,"parent":0,"menu_order":0,"comment_status":"closed","ping_status":"closed","template":"","meta":{"ub_ctt_via":"","footnotes":""},"class_list":["post-36","page","type-page","status-publish","hentry"],"featured_image_src":null,"_links":{"self":[{"href":"https:\/\/gadvalladolid.gob.ec\/index.php?rest_route=\/wp\/v2\/pages\/36","targetHints":{"allow":["GET"]}}],"collection":[{"href":"https:\/\/gadvalladolid.gob.ec\/index.php?rest_route=\/wp\/v2\/pages"}],"about":[{"href":"https:\/\/gadvalladolid.gob.ec\/index.php?rest_route=\/wp\/v2\/types\/page"}],"replies":[{"embeddable":true,"href":"https:\/\/gadvalladolid.gob.ec\/index.php?rest_route=%2Fwp%2Fv2%2Fcomments&post=36"}],"version-history":[{"count":17,"href":"https:\/\/gadvalladolid.gob.ec\/index.php?rest_route=\/wp\/v2\/pages\/36\/revisions"}],"predecessor-version":[{"id":378,"href":"https:\/\/gadvalladolid.gob.ec\/index.php?rest_route=\/wp\/v2\/pages\/36\/revisions\/378"}],"wp:attachment":[{"href":"https:\/\/gadvalladolid.gob.ec\/index.php?rest_route=%2Fwp%2Fv2%2Fmedia&parent=36"}],"curies":[{"name":"wp","href":"https:\/\/api.w.org\/{rel}","templated":true}]}}