{"id":115,"date":"2016-02-23T14:17:26","date_gmt":"2016-02-23T14:17:26","guid":{"rendered":"http:\/\/newkind.me\/rocket\/prod\/wp\/notio\/?page_id=115"},"modified":"2023-11-02T22:16:19","modified_gmt":"2023-11-03T03:16:19","slug":"full-width","status":"publish","type":"page","link":"https:\/\/gadvalladolid.gob.ec\/?page_id=115","title":{"rendered":"Actividades Economicas"},"content":{"rendered":"<h1 style=\"text-align: center;\">Valladolid, con potencial econ\u00f3mico y tur\u00edstico<\/h1>\n<h4 style=\"text-align: center;\"><strong>Cuenta con un placido y benigno clima andino, centro hist\u00f3rico, zonas arqueol\u00f3gicas y parques tur\u00edsticos; sin duda una zona estrat\u00e9gica para la inversi\u00f3n inmobiliaria, tur\u00edstica y cultural.<\/strong><\/h4>\n<hr \/>\n<p style=\"text-align: justify;\">Con un toque colonial, Valladolid es una hermosa ciudad que combina cultura, historia, naturaleza y gastronom\u00eda que puede disfrutarse en medio de la naturaleza<\/p>\n<p style=\"text-align: justify;\">Lo que destaca y le da valor es su privilegiada ubicaci\u00f3n. Situada en un punto medio entre Loja y varios destinos tur\u00edsticos relevantes del cant\u00f3n Chinchipe, tambi\u00e9n se levanta como un potencial polo de desarrollo econ\u00f3mico e inmobiliario en el corto plazo.<\/p>\n<p style=\"text-align: justify;\">La principal actividad econ\u00f3mica de la Parroquia Valladolid es la ganader\u00eda la raza de ganado m\u00e1s com\u00fan es la criolla; y otros cruces gen\u00e9ticos con Holstein, Froussian Browsuits, Charolay y Braman.<\/p>\n<p style=\"text-align: justify;\">La parroquia Valladolid cuenta con suelos de textura media, es decir aptos para la producci\u00f3n agr\u00edcola, por lo que un sector importante de la poblaci\u00f3n se dedica tambi\u00e9n a la agricultura, siendo los cultivos m\u00e1s importantes la yuca, caf\u00e9, pl\u00e1tano, fr\u00e9jol, tomate de \u00e1rbol, tomate de ri\u00f1\u00f3n, granadilla, maracuy\u00e1, naranjilla, naranja, lim\u00f3n -agrio y dulce, ma\u00edz, ca\u00f1a, papa china, verduras y hortalizas.<\/p>\n","protected":false},"excerpt":{"rendered":"<p>Valladolid, con potencial econ\u00f3mico y tur\u00edstico Cuenta con un placido y benigno clima andino, centro hist\u00f3rico, zonas arqueol\u00f3gicas y parques tur\u00edsticos; sin duda una zona estrat\u00e9gica para la inversi\u00f3n inmobiliaria, tur\u00edstica y cultural. Con un toque colonial, Valladolid es una hermosa ciudad que combina cultura, historia, naturaleza y gastronom\u00eda que puede disfrutarse en medio de [&hellip;]<\/p>\n","protected":false},"author":0,"featured_media":0,"parent":0,"menu_order":0,"comment_status":"closed","ping_status":"closed","template":"","meta":{"ub_ctt_via":"","footnotes":""},"class_list":["post-115","page","type-page","status-publish","hentry"],"featured_image_src":null,"_links":{"self":[{"href":"https:\/\/gadvalladolid.gob.ec\/index.php?rest_route=\/wp\/v2\/pages\/115","targetHints":{"allow":["GET"]}}],"collection":[{"href":"https:\/\/gadvalladolid.gob.ec\/index.php?rest_route=\/wp\/v2\/pages"}],"about":[{"href":"https:\/\/gadvalladolid.gob.ec\/index.php?rest_route=\/wp\/v2\/types\/page"}],"replies":[{"embeddable":true,"href":"https:\/\/gadvalladolid.gob.ec\/index.php?rest_route=%2Fwp%2Fv2%2Fcomments&post=115"}],"version-history":[{"count":6,"href":"https:\/\/gadvalladolid.gob.ec\/index.php?rest_route=\/wp\/v2\/pages\/115\/revisions"}],"predecessor-version":[{"id":387,"href":"https:\/\/gadvalladolid.gob.ec\/index.php?rest_route=\/wp\/v2\/pages\/115\/revisions\/387"}],"wp:attachment":[{"href":"https:\/\/gadvalladolid.gob.ec\/index.php?rest_route=%2Fwp%2Fv2%2Fmedia&parent=115"}],"curies":[{"name":"wp","href":"https:\/\/api.w.org\/{rel}","templated":true}]}}